[INFO] cloning repository https://github.com/thubie/3d_game_programming
[INFO] running `Command { std: "git" "-c" "credential.helper=" "-c" "credential.helper=/workspace/cargo-home/bin/git-credential-null" "clone" "--bare" "https://github.com/thubie/3d_game_programming" "/workspace/cache/git-repos/https%3A%2F%2Fgithub.com%2Fthubie%2F3d_game_programming", kill_on_drop: false }`
[INFO] [stderr] Cloning into bare repository '/workspace/cache/git-repos/https%3A%2F%2Fgithub.com%2Fthubie%2F3d_game_programming'...
[INFO] running `Command { std: "git" "rev-parse" "HEAD", kill_on_drop: false }`
[INFO] [stdout] fdf71eee001a4ee63db02bd97d8d4ad00376e39b
[INFO] building thubie/3d_game_programming against master#881c1ac408d93bb7adaa3a51dabab9266e82eee8 for issue-85264
[INFO] running `Command { std: "git" "clone" "/workspace/cache/git-repos/https%3A%2F%2Fgithub.com%2Fthubie%2F3d_game_programming" "/workspace/builds/worker-4/source", kill_on_drop: false }`
[INFO] [stderr] Cloning into '/workspace/builds/worker-4/source'...
[INFO] [stderr] done.
[INFO] validating manifest of git repo https://github.com/thubie/3d_game_programming on toolchain 881c1ac408d93bb7adaa3a51dabab9266e82eee8
[INFO] running `Command { std: "/workspace/cargo-home/bin/cargo" "+881c1ac408d93bb7adaa3a51dabab9266e82eee8" "metadata" "--manifest-path" "Cargo.toml" "--no-deps", kill_on_drop: false }`
[INFO] started tweaking git repo https://github.com/thubie/3d_game_programming
[INFO] finished tweaking git repo https://github.com/thubie/3d_game_programming
[INFO] tweaked toml for git repo https://github.com/thubie/3d_game_programming written to /workspace/builds/worker-4/source/Cargo.toml
[INFO] crate git repo https://github.com/thubie/3d_game_programming already has a lockfile, it will not be regenerated
[INFO] running `Command { std: "/workspace/cargo-home/bin/cargo" "+881c1ac408d93bb7adaa3a51dabab9266e82eee8" "fetch" "--manifest-path" "Cargo.toml", kill_on_drop: false }`
[INFO] [stderr]  Downloading crates ...
[INFO] [stderr]   Downloaded d3d12-sys v0.2.0
[INFO] [stderr]   Downloaded dxgi-sys v0.2.0
[INFO] running `Command { std: "docker" "create" "-v" "/var/lib/crater-agent-workspace/builds/worker-4/target:/opt/rustwide/target:rw,Z" "-v" "/var/lib/crater-agent-workspace/builds/worker-4/source:/opt/rustwide/workdir:ro,Z" "-v" "/var/lib/crater-agent-workspace/cargo-home:/opt/rustwide/cargo-home:ro,Z" "-v" "/var/lib/crater-agent-workspace/rustup-home:/opt/rustwide/rustup-home:ro,Z" "-e" "SOURCE_DIR=/opt/rustwide/workdir" "-e" "CARGO_TARGET_DIR=/opt/rustwide/target" "-e" "CARGO_HOME=/opt/rustwide/cargo-home" "-e" "RUSTUP_HOME=/opt/rustwide/rustup-home" "-w" "/opt/rustwide/workdir" "-m" "1610612736" "--user" "0:0" "--network" "none" "ghcr.io/rust-lang/crates-build-env/linux@sha256:20528e8c29e4536546f0102ce88568b16ea7538393a33fcca951030f7af10457" "/opt/rustwide/cargo-home/bin/cargo" "+881c1ac408d93bb7adaa3a51dabab9266e82eee8" "metadata" "--no-deps" "--format-version=1", kill_on_drop: false }`
[INFO] [stdout] 7b42704264772eaea64aa11f46c5e7108d06010c347e9bd4ea99060c57aee57e
[INFO] [stderr] WARNING: Your kernel does not support swap limit capabilities or the cgroup is not mounted. Memory limited without swap.
[INFO] running `Command { std: "docker" "start" "-a" "7b42704264772eaea64aa11f46c5e7108d06010c347e9bd4ea99060c57aee57e", kill_on_drop: false }`
[INFO] running `Command { std: "docker" "inspect" "7b42704264772eaea64aa11f46c5e7108d06010c347e9bd4ea99060c57aee57e", kill_on_drop: false }`
[INFO] running `Command { std: "docker" "rm" "-f" "7b42704264772eaea64aa11f46c5e7108d06010c347e9bd4ea99060c57aee57e", kill_on_drop: false }`
[INFO] [stdout] 7b42704264772eaea64aa11f46c5e7108d06010c347e9bd4ea99060c57aee57e
[INFO] running `Command { std: "docker" "create" "-v" "/var/lib/crater-agent-workspace/builds/worker-4/target:/opt/rustwide/target:rw,Z" "-v" "/var/lib/crater-agent-workspace/builds/worker-4/source:/opt/rustwide/workdir:ro,Z" "-v" "/var/lib/crater-agent-workspace/cargo-home:/opt/rustwide/cargo-home:ro,Z" "-v" "/var/lib/crater-agent-workspace/rustup-home:/opt/rustwide/rustup-home:ro,Z" "-e" "SOURCE_DIR=/opt/rustwide/workdir" "-e" "CARGO_TARGET_DIR=/opt/rustwide/target" "-e" "CARGO_INCREMENTAL=0" "-e" "RUST_BACKTRACE=full" "-e" "RUSTFLAGS=--cap-lints=forbid" "-e" "CARGO_HOME=/opt/rustwide/cargo-home" "-e" "RUSTUP_HOME=/opt/rustwide/rustup-home" "-w" "/opt/rustwide/workdir" "-m" "1610612736" "--user" "0:0" "--network" "none" "ghcr.io/rust-lang/crates-build-env/linux@sha256:20528e8c29e4536546f0102ce88568b16ea7538393a33fcca951030f7af10457" "/opt/rustwide/cargo-home/bin/cargo" "+881c1ac408d93bb7adaa3a51dabab9266e82eee8" "build" "--frozen" "--message-format=json", kill_on_drop: false }`
[INFO] [stdout] 827062be78d89ede94a4fc8e0d7b7944915963e460a653203650780e6f0fa803
[INFO] [stderr] WARNING: Your kernel does not support swap limit capabilities or the cgroup is not mounted. Memory limited without swap.
[INFO] running `Command { std: "docker" "start" "-a" "827062be78d89ede94a4fc8e0d7b7944915963e460a653203650780e6f0fa803", kill_on_drop: false }`
[INFO] [stderr]     Blocking waiting for file lock on package cache
[INFO] [stderr]    Compiling winapi-build v0.1.1
[INFO] [stderr]    Compiling unicode-xid v0.0.4
[INFO] [stderr]    Compiling quote v0.3.15
[INFO] [stderr]    Compiling serde v1.0.10
[INFO] [stderr]    Compiling num-traits v0.1.40
[INFO] [stderr]    Compiling dtoa v0.4.1
[INFO] [stderr]    Compiling itoa v0.3.1
[INFO] [stderr]    Compiling dxguid-sys v0.2.0
[INFO] [stderr]    Compiling synom v0.11.3
[INFO] [stderr]    Compiling dxgi-sys v0.2.0
[INFO] [stderr]    Compiling d3d12-sys v0.2.0
[INFO] [stderr]    Compiling user32-sys v0.2.0
[INFO] [stderr]    Compiling kernel32-sys v0.2.2
[INFO] [stderr]    Compiling syn v0.11.11
[INFO] [stderr]    Compiling serde_derive_internals v0.15.1
[INFO] [stderr]    Compiling serde_derive v1.0.10
[INFO] [stderr]    Compiling serde_json v1.0.2
[INFO] [stderr]    Compiling gfxinfra v0.1.0 (/opt/rustwide/workdir/dxgi-rs)
[INFO] [stdout] error[E0432]: unresolved import `dxguid::IID_IDXGIFactory`
[INFO] [stdout]   --> dxgi-rs/src/lib.rs:10:5
[INFO] [stdout]    |
[INFO] [stdout] 10 | use dxguid::IID_IDXGIFactory;
[INFO] [stdout]    |     ^^^^^^^^^^^^^^^^^^^^^^^^ no `IID_IDXGIFactory` in the root
[INFO] [stdout] 
[INFO] [stdout] 
[INFO] [stdout] error[E0432]: unresolved import `dxgi::CreateDXGIFactory`
[INFO] [stdout]   --> dxgi-rs/src/lib.rs:11:5
[INFO] [stdout]    |
[INFO] [stdout] 11 | use dxgi::CreateDXGIFactory;
[INFO] [stdout]    |     ^^^^^^^^^^^^^^^^^^^^^^^ no `CreateDXGIFactory` in the root
[INFO] [stdout] 
[INFO] [stdout] 
[INFO] [stdout] error[E0432]: unresolved import `winapi::dxgi`
[INFO] [stdout]   --> dxgi-rs/src/lib.rs:13:13
[INFO] [stdout]    |
[INFO] [stdout] 13 | use winapi::dxgi::{IDXGIFactory, IDXGIAdapter, DXGI_ADAPTER_DESC};
[INFO] [stdout]    |             ^^^^ could not find `dxgi` in `winapi`
[INFO] [stdout] 
[INFO] [stdout] 
[INFO] [stdout] error[E0432]: unresolved import `winapi::winerror`
[INFO] [stdout]   --> dxgi-rs/src/lib.rs:14:13
[INFO] [stdout]    |
[INFO] [stdout] 14 | use winapi::winerror::DXGI_ERROR_NOT_FOUND;
[INFO] [stdout]    |             ^^^^^^^^ could not find `winerror` in `winapi`
[INFO] [stdout] 
[INFO] [stdout] 
[INFO] [stdout] warning: unused import: `std::io`
[INFO] [stdout]   --> dxgi-rs/src/lib.rs:17:5
[INFO] [stdout]    |
[INFO] [stdout] 17 | use std::io;
[INFO] [stdout]    |     ^^^^^^^
[INFO] [stdout]    |
[INFO] [stdout]    = note: `#[warn(unused_imports)]` on by default
[INFO] [stdout] 
[INFO] [stdout] 
[INFO] [stdout] warning: unused import: `std::ptr::null_mut`
[INFO] [stdout]   --> dxgi-rs/src/lib.rs:21:5
[INFO] [stdout]    |
[INFO] [stdout] 21 | use std::ptr::null_mut;
[INFO] [stdout]    |     ^^^^^^^^^^^^^^^^^^
[INFO] [stdout] 
[INFO] [stdout] 
[INFO] [stdout] warning: unused import: `std::str::FromStr`
[INFO] [stdout]   --> dxgi-rs/src/lib.rs:22:5
[INFO] [stdout]    |
[INFO] [stdout] 22 | use std::str::FromStr;
[INFO] [stdout]    |     ^^^^^^^^^^^^^^^^^
[INFO] [stdout] 
[INFO] [stdout] 
[INFO] [stdout] warning: unused import: `std::borrow::*`
[INFO] [stdout]   --> dxgi-rs/src/lib.rs:23:5
[INFO] [stdout]    |
[INFO] [stdout] 23 | use std::borrow::*;
[INFO] [stdout]    |     ^^^^^^^^^^^^^^
[INFO] [stdout] 
[INFO] [stdout] 
[INFO] [stdout] warning: unused import: `std::clone::Clone`
[INFO] [stdout]   --> dxgi-rs/src/lib.rs:24:5
[INFO] [stdout]    |
[INFO] [stdout] 24 | use std::clone::Clone;
[INFO] [stdout]    |     ^^^^^^^^^^^^^^^^^
[INFO] [stdout] 
[INFO] [stdout] 
[INFO] [stdout] warning: variant `DXGI_ERROR_NOT_FOUND` should have an upper camel case name
[INFO] [stdout]   --> dxgi-rs/src/lib.rs:29:5
[INFO] [stdout]    |
[INFO] [stdout] 29 |     DXGI_ERROR_NOT_FOUND,
[INFO] [stdout]    |     ^^^^^^^^^^^^^^^^^^^^ help: convert the identifier to upper camel case: `DxgiErrorNotFound`
[INFO] [stdout]    |
[INFO] [stdout]    = note: `#[warn(non_camel_case_types)]` on by default
[INFO] [stdout] 
[INFO] [stdout] 
[INFO] [stdout] warning: type annotations needed
[INFO] [stdout]   --> dxgi-rs/src/lib.rs:77:20
[INFO] [stdout]    |
[INFO] [stdout] 77 |     if factory_ptr.is_null() {
[INFO] [stdout]    |                    ^^^^^^^
[INFO] [stdout]    |
[INFO] [stdout]    = note: `#[warn(tyvar_behind_raw_pointer)]` on by default
[INFO] [stdout]    = warning: this was previously accepted by the compiler but is being phased out; it will become a hard error in the 2018 edition!
[INFO] [stdout]    = note: for more information, see issue #46906 <https://github.com/rust-lang/rust/issues/46906>
[INFO] [stdout] 
[INFO] [stdout] 
[INFO] [stdout] warning: use of deprecated associated function `core::str::<impl str>::trim_right_matches`: superseded by `trim_end_matches`
[INFO] [stdout]    --> dxgi-rs/src/lib.rs:104:10
[INFO] [stdout]     |
[INFO] [stdout] 104 |         .trim_right_matches(0 as char)
[INFO] [stdout]     |          ^^^^^^^^^^^^^^^^^^ help: replace the use of the deprecated associated function: `trim_end_matches`
[INFO] [stdout]     |
[INFO] [stdout]     = note: `#[warn(deprecated)]` on by default
[INFO] [stdout] 
[INFO] [stdout] 
[INFO] [stdout] warning: unused import: `std::ops`
[INFO] [stdout]   --> dxgi-rs/src/lib.rs:18:5
[INFO] [stdout]    |
[INFO] [stdout] 18 | use std::ops::*;
[INFO] [stdout]    |     ^^^^^^^^
[INFO] [stdout] 
[INFO] [stdout] 
[INFO] [stdout] error: aborting due to 4 previous errors; 9 warnings emitted
[INFO] [stdout] 
[INFO] [stdout] 
[INFO] [stdout] For more information about this error, try `rustc --explain E0432`.
[INFO] [stdout] 
[INFO] [stderr] error: could not compile `gfxinfra`
[INFO] [stderr] 
[INFO] [stderr] To learn more, run the command again with --verbose.
[INFO] running `Command { std: "docker" "inspect" "827062be78d89ede94a4fc8e0d7b7944915963e460a653203650780e6f0fa803", kill_on_drop: false }`
[INFO] running `Command { std: "docker" "rm" "-f" "827062be78d89ede94a4fc8e0d7b7944915963e460a653203650780e6f0fa803", kill_on_drop: false }`
[INFO] [stdout] 827062be78d89ede94a4fc8e0d7b7944915963e460a653203650780e6f0fa803
